 Let g(f) = 7*f + 55. Let d be g(-7). Determine k(d).
-11
Let h(f) = -6*f**2 + 35*f - 7*f**2 - f**2 - 23*f. Let y be h(1). Let p(s) = -s + 4. Calculate p(y).
6
Let m(a) be the second derivative of 0*a**5 + 3/2*a**2 - 9*a - 1/3*a**3 + 1/120*a**6 + 0 - 1/12*a**4. Let z(f) be the first derivative of m(f). Give z(-2).
-6
Suppose o = 2*d + 11, 4*o = -2*d + o - 7. Let s be (5/(-10))/((-3)/12). Let x(j) = -23 - s*j + 29 - 3*j + 4*j. Give x(d).
11
Let t(q) = q**3 + 7*q**2 + 6*q + 9. Suppose 136*f + 948 = -4. What is t(f)?
-33
Let y(d) = -d**3 - 7*d**2 + 3*d - 30. Let i be y(-8). Let x(s) = 3 - 60*s**2 + 64*s**2 - i + s**3 - 8*s. What is x(-5)?
8
Let a = -1 + 4. Let g(s) be the third derivative of 2 - 14*s**2 + 5/24*s**4 + 1/6*s**3 + 0*s. Calculate g(a).
16
Let p(g) = -6*g - 4*g - 24270*g**2 - 144 + 24271*g**2. What is p(18)?
0
Suppose -g + 24 = -4*r, 0*g = -2*g + 4*r + 52. Let v be g/(-3) + 39/117. Let i(a) = a**2 + 9*a + 7. What is i(v)?
7
Let w be (-18)/153 + (-291)/(-17). Suppose w*x - 78 = -9*x. Let y(a) = -2*a**2 + 4. What is y(x)?
-14
Let t(k) = -k**2 - 2*k + 1622. Suppose 4*o - 15 = 6*g - g, -5*o + 3*g = -9. Let d be t(o). Let i(u) = -d + 1622 - u. Give i(4).
-4
Let n(q) = -43*q - 257. Let i(g) = -128*g - 777. Let y(m) = -4*i(m) + 13*n(m). Calculate y(-5).
2
Suppose -5*n - 37 = -22. Let a(l) = -5*l**2 - 5*l - 3. Let p(r) = -7*r**2 - 3*r - 4. Let j(h) = n*a(h) + 2*p(h). What is j(-9)?
1
Let o(t) = -t**3 + t**2 - 3. Let s(f) = f**2 + 18*f. Let k = -16 + -2. Let z be s(k). Let a be o(z). Let j(l) = l**2 + 4*l + 2. Give j(a).
-1
Let g(y) be the second derivative of -5*y**3/3 + y**2/2 + y. Let l(v) = -11*v**2 - 147*v + 95. Let k be l(-14). Calculate g(k).
31
Let v(f) = 20 - 30*f - 29 - 87 - f**3 + 31*f. What is v(0)?
-96
Let i(y) be the first derivative of -y**3/3 + 7*y**2/2 - 4*y - 54. Let k = 148 - 141. What is i(k)?
-4
Suppose -95 = 4*o - 111. Let g(k) = -k**3 + 7*k**2 - 22*k + 48. Let t be g(o). Let r(w) = -w**2 + 10*w - 3. Give r(t).
13
Let k(t) = -3*t - 14. Let b = 3536 + -3541. Calculate k(b).
1
Let u be 9/((-7)/((-112)/12)). Let b be ((-2)/(1*-2))/(13/26). Let i(w) = 3 + w**3 + 12*w**2 - u*w**2 - 4*w**2 + b*w. Calculate i(3).
0
Let w(z) = 59*z**3 - 3 - 63*z**3 + 6 - 4*z - z + 37*z**2 - 5*z. Give w(9).
-6
Let s(f) be the third derivative of f**5/30 + f**4/6 - 5*f**3/6 + 14*f**2 - 94*f. What is s(-5)?
25
Let u(v) = v**2 - 9*v + 10. Let y be u(8). Suppose 3*z + 15 = 5*n, -y*z + n = -z + 3. Suppose -10*h - 3*h - 78 = z. Let p(a) = a**2 + 7*a + 3. What is p(h)?
-3
Let p(r) = 7 + r + 16*r + 16 + 7 - 33 - 3*r**2. Determine p(5).
7
Let v(h) = -12*h. Let a(s) = -26*s - 2. Let o(w) = 5*a(w) - 11*v(w). What is o(8)?
6
Suppose -o + 5*o - 5*u = -7, -2*u = -3*o. Let g(l) = 32 - 5*l**2 - l - 16 + 8*l**o + 2*l - 13. Give g(0).
3
Let w(i) = 32*i**3 - 2*i**2 - 2*i - 1. Let s(g) = -g**2 + 11*g - 25. Let d be 186/155*(-1)/(9/(-60)). Let m be s(d). Calculate w(m).
-33
Let r(c) = -c**2 + 8*c - 11. Let g be 1*-3*20/(-24)*2. Suppose -14*a + g = -9*a, -a = -5*i + 29. What is r(i)?
1
Let c(y) = -842 + 1703 - 857 - 10*y - 2*y. Give c(-4).
52
Suppose -38 = -15*w + 112. Let d(f) = -3*f**2 + 31*f. What is d(w)?
10
Let u(f) = 8*f**2 + 6*f + 9. Suppose -7*t - 132 + 83 = 0. Let z(a) = -7*a**2 - 6*a - 8. Let s be ((-24)/28)/(2/14). Let x(n) = s*u(n) + t*z(n). Calculate x(-4).
-6
Let g(i) = i**3 - 12*i**2 + 19*i + 14. Suppose 0 = -b - 3*w + 4, 3*b = 5*w + 14 + 26. Determine g(b).
4
Suppose 2*g = -n + 28, 4*n - 98 = -6*g + 5*g. Let k(i) = 23*i + n*i + 26*i + 27*i - 4 + i**2 - 93*i. What is k(-9)?
14
Let o = -291 + 297. Let n(f) = f**3 - 8*f**2 + 14*f - 17. What is n(o)?
-5
Let g(n) be the first derivative of -n**5/12 + n**4/12 + n**3/6 + 3*n**2/2 - 5*n + 61. Let r(b) be the second derivative of g(b). Give r(-1).
-6
Let h = 250 + -246. Let r(f) = -3 - 5*f**3 - 8*f + 5*f + 6*f**3 + h*f**2 - 5*f**2 - 4*f**3. Determine r(-2).
23
Let v be (2 - ((-4)/(-2) - 0))/1. Let n(q) = 1 - 6 + v + 3 + 1 - q. Determine n(0).
-1
Suppose 105*g + 166 = 26*g - 624. Let a(q) = -2*q**3 - 19*q**2 + 4*q + 11. What is a(g)?
71
Let w(n) = -7*n - 173. Let m(i) = 7*i + 156. Let k(j) = 3*m(j) + 2*w(j). Calculate k(-15).
17
Let w(t) = -t**3 - 15*t**2 - t - 24. Suppose -20*f + 690 = -28*f - 38*f. Determine w(f).
-9
Let b = -508 - -974. Let a(q) = 2*q - b + 466. Calculate a(2).
4
Let o(n) be the first derivative of 17 + 32 - 2*n + 28 - 2*n**2 - 8. Determine o(-2).
6
Let a(r) = -13*r + 207. Let o be a(15). Let m(s) = 6 + s + o*s - 27*s + 12*s. What is m(0)?
6
Let n(m) = 28*m + 347. Let w(g) = -9*g - 111. Let i(a) = -6*n(a) - 19*w(a). What is i(-27)?
-54
Let o(w) be the first derivative of -2*w**3/3 - 10*w**2 + 4*w + 1770. Calculate o(-10).
4
Let v = -89 + 95. Suppose v*z - 3*z - 24 = 0. Let o(m) = m - 9. Give o(z).
-1
Let b(z) = -2*z**2 - 15*z + 19. Suppose 188*o + 466 + 1038 = 0. Give b(o).
11
Let r be 0 - (2 - 4) - (-6 + 6). Let c(h) = -h**2 + 4*h + 1. Let n be c(3). Let i(x) = x**3 - 3 - 164*x + x**2 + 169*x - n*x**r. What is i(3)?
12
Let y(l) = 33*l**3 + 4*l**2 + l + 20. Let j(d) = -107*d**3 - 12*d**2 - 3*d - 60. Let k(p) = 4*j(p) + 13*y(p). Calculate k(-4).
16
Let u(s) = s**2 - 8*s - 1. Let h be (-3)/(6 - 3500/584). Let i = h - -447. What is u(i)?
8
Let s(k) = 15*k - 11 + 3374*k**2 + 3388*k**2 - 6756*k**2. Give s(-3).
-2
Suppose 5*b + 576 = 5*x - 374, 4*x - 760 = -5*b. Suppose 16*w + x = 62. Let n(z) = -z**3 - 8*z**2 + 7*z + 8. Determine n(w).
-48
Let a(t) be the third derivative of -2/3*t**3 + 1/30*t**5 + 17*t**2 + 0*t - 1/8*t**4 + 0. Let i be a(3). Let w(n) = -n**2 + 4*n - 6. Determine w(i).
-11
Let u(a) = 11*a - 2. Let j be u(4). Let w(d) = 7 - 9*d - 41*d**2 + j*d**2 - 9*d + 12*d. Give w(6).
7
Suppose 0 = -4*y + 4*z - 12, -7*z + 28 = 4*y - 3*z. Suppose -6*k + 19 = 3*j - 7*k, -k = y*j - 11. Let l(u) = -2*u + 6. Determine l(j).
-6
Let s(z) = 9*z + 4 + 6*z + 24*z + 22*z - 35*z. Calculate s(3).
82
Let i be (-86)/21 + (-4)/(-42). Let u(z) = -8*z - 19. Calculate u(i).
13
Let b(a) = -147*a + 621. Let i(o) = 29*o - 124. Let w(k) = -4*b(k) - 21*i(k). What is w(6)?
-6
Suppose -3*y + 230 - 209 = 0. Suppose 2*a + 8*w - y*w = -2, 0 = a - w + 7. Let s(c) = c**3 + 4*c**2 - c - 1. What is s(a)?
11
Suppose -121 - 49 = -5*t - b, -t = b - 30. Let a = 36 - t. Let s be 2*a*84/24. Let z(w) = w**2 - 7*w - 1. Give z(s).
-1
Let d(k) be the third derivative of 51*k**2 + 0 + k - 1/6*k**3 - 7/24*k**4. Determine d(3).
-22
Let p be -27 - 9050/(-350) - -2*(-48)/14. Let a(k) = k**2 + 4*k - 2. What is a(p)?
30
Suppose 0 = -715*k + 561*k. Let p(x) be the second derivative of -1/6*x**3 + k - x**2 + x. Determine p(4).
-6
Let l(p) = -p**2 - 22*p - 25. Let f be l(-30). Let j = 259 + f. Let v(z) = -7 + 6*z**2 - 2 + 4*z**3 - 3*z**3 + z - 3*z. What is v(j)?
3
Let f be 17*((-2)/8 + (-12)/16). Let g = f - -14. Let x(r) = -3*r - 2. Let d(z) = 2*z + 1. Let m(a) = g*x(a) - 5*d(a). Determine m(5).
-4
Let b(p) = -p - 24. Let o be (12 - 184/16)*-10. Determine b(o).
-19
Let i(r) = r - 2721 - 2728 + 10902 - 2725 - 2714. Give i(10).
24
Let z be (60/28 + -3)/((-9)/42). Suppose -15 - 12 = 3*p + 3*f, -f = z. Let q(g) = -g - 2. Determine q(p).
3
Let f(z) = -3*z**2 - 5*z - 2. Let i(w) be the second derivative of -7*w**4/6 - 7*w**3/2 - 9*w**2/2 - 2*w - 8. Let b(c) = -9*f(c) + 2*i(c). What is b(6)?
-18
Let x(q) = -20 + 75 - 22 + 10*q - 8*q - 4*q. Give x(21).
-9
Let i(v) = v**2 - 8*v + 17. Suppose -201*q = -3*c - 198*q + 15, 0 = 3*c - 5*q - 5. Give i(c).
37
Let z(u) = -u**3 + 3*u**2 + 3*u - 2. Let x(l) = -2*l**3 - 7*l**2 + 5*l + 7. Let m = 402 - 406. Let h be x(m). Give z(h).
7
Let l(m) = 3*m**2 - 5*m - 4. Let y = 2801 - 2802. What is l(y)?
4
Suppose -8 - 2 = -i + j, -5*i + 5 = 4*j. Suppose 32 = 4*m + n - 3*n, i*m - 31 = -2*n. Let y(u) = 17*u + 16*u + 2 + 11*u - 45*u. Determine y(m).
-5
Let v(c) = 3*c + 5. Suppose l - 16 = -3*l. Let u = 59 + l. Let g = u + -67. What is v(g)?
-7
Let s(u) = u - 15. Let h(v) = 3*v - 45. Let j(w) = 3*h(w) - 8*s(w). Let x be j(16). Let d(y) = -12*y**2 + y - 1. Calculate d(x).
-12
Let x(f) = -2*f**3 + 2*f**2 + 5*f. Let i(q) = -55*q - 1427. Let l be i(-26). Give x(l).
-21
Let p(x) = -3*x**3 - 8*x**2 + 2. Let b(o) = -o**3 - 4*o**2 + 1. Let n(z) = -5*b(z) + 2*p(z). Suppose -4*d + 26 = -4*s + 5*s, 171 = -3*d + 31*s. What is n(d)?
-26